{"id":15,"date":"2019-03-08T06:24:47","date_gmt":"2019-03-08T06:24:47","guid":{"rendered":"https:\/\/art.seatheme.net\/sea01\/?page_id=3867"},"modified":"2022-12-07T14:13:19","modified_gmt":"2022-12-07T20:13:19","slug":"clean-art","status":"publish","type":"page","link":"https:\/\/es.atelierdianaham.com\/","title":{"rendered":"INICIO"},"content":{"rendered":"<div class=\"bm-builder clearfix \"><div id=\"\" class=\"module col-12 module-id-1632628181566 bm-wrap row-top row-left bm-force-full\" data-module-col=\"12\" data-change-color=\"off\" data-backcolor=\"transparent\" data-frontcolor=\"\" data-logocolor=\"\" data-goto-top=\"off\" data-goto-top-spacing=\"0\" data-goto-disable-m=\"\" data-groupsameheight=\"off\"><div class=\"module-inside group-inside\" style=\"--top-mod: 0px;--bottom-mod: 80px;--top-mod-t: 0px;--bottom-mod-t: 80px;--top-mod-m:0px;--bottom-mod-m:20px;\" ><div id=\"\" class=\"module col-12 module-id-1632628181878\" data-module-col=\"12\"><div class=\"module-inside masonry-grid-inside\" style=\"--cornerRadius:0px 0px 0px 0px ; --top-mod: 0px;--bottom-mod: 0px;--top-mod-t: 0px;--bottom-mod-t: 0px;--top-mod-m:0px;--bottom-mod-m:0px;\" ><div class=\"ux-portfolio-full bm-masonry-grid \" data-found=\"1\" data-number=\"20\"><div class=\"grid-stack grid-stack-1632628181878  grid-text-left masonry-grid-show-text    hidden   title-to-excerpt\" data-spacing-h=\"30\" data-spacing-v=\"8\" data-spacing-mobile-h=\"0\" data-spacing-mobile-v=\"6\" data-item-style=\"image-text\" data-number=\"20\" data-unique=\"1632628181878\" ><section class=\"grid-stack-item sea-grid-item  filter_pinturas\" data-postid=\"222\" data-gs-x=\"0\" data-gs-y=\"0\" data-gs-width=\"12\" data-gs-height=\"11\" data-tit=\"Mictl\u00e1n\"><div class=\"grid-stack-item-content\"><div class=\"grid-item-inside \" ><div class=\"grid-item-con sea-grid-item-con  post--222\" ><a href=\"https:\/\/es.atelierdianaham.com\/index.php\/ux-portfolio\/mictlan\/\"   class=\"grid-item-mask-link\"><\/a><\/div><div class=\"brick-content ux-lazyload-wrap  \" style=\" padding-top: 98.185776487663%;\"><img src=\"data:image\/gif;base64,R0lGODlhAQABAIAAAAAAAP\/\/\/yH5BAEAAAAALAAAAAABAAEAAAIBRAA7\" data-src=\"https:\/\/es.atelierdianaham.com\/wp-content\/uploads\/2022\/12\/20201118_152526.jpeg\" data-srcset=\"https:\/\/es.atelierdianaham.com\/wp-content\/uploads\/2022\/12\/20201118_152526.jpeg 1378w, https:\/\/es.atelierdianaham.com\/wp-content\/uploads\/2022\/12\/20201118_152526-300x295.jpeg 300w, https:\/\/es.atelierdianaham.com\/wp-content\/uploads\/2022\/12\/20201118_152526-1024x1005.jpeg 1024w, https:\/\/es.atelierdianaham.com\/wp-content\/uploads\/2022\/12\/20201118_152526-768x754.jpeg 768w, https:\/\/es.atelierdianaham.com\/wp-content\/uploads\/2022\/12\/20201118_152526-350x344.jpeg 350w, https:\/\/es.atelierdianaham.com\/wp-content\/uploads\/2022\/12\/20201118_152526-arttheme-standard-thumb-650x638.jpeg 650w, https:\/\/es.atelierdianaham.com\/wp-content\/uploads\/2022\/12\/20201118_152526-arttheme-standard-thumb-medium-1000x982.jpeg 1000w, https:\/\/es.atelierdianaham.com\/wp-content\/uploads\/2022\/12\/20201118_152526-600x589.jpeg 600w\" data-sizes=\"(max-width: 480px) 320px,(max-width: 767px) 500px,(max-width: 1378px) 100vw, 1378px\" alt=\"Mictl\u00e1n\" data-xx=\"12\" class=\"grid-item-img ux-background-img-1st lazy\"><div class=\"grid-item-con-text-show\"><h2 class=\"grid-item-tit\">Mictl\u00e1n<\/h2><\/div><\/div><\/div><\/div><\/section><\/div><\/div><\/div><\/div><\/div><\/div><div id=\"\" class=\"module col-12 module-id-1632628158963 bm-wrap row-bottom row-left bm-wrap-height-auto\" data-module-col=\"12\" data-change-color=\"off\" data-backcolor=\"transparent\" data-frontcolor=\"\" data-logocolor=\"\" data-goto-top=\"off\" data-goto-top-spacing=\"0\" data-goto-disable-m=\"\" data-groupsameheight=\"off\"><div class=\"module-inside group-inside\" style=\"--top-mod: 20px;--bottom-mod: 100px;--top-mod-t: 20px;--bottom-mod-t: 100px;--top-mod-m:0px;--bottom-mod-m:40px;\" ><div id=\"\" class=\"module col-12 module-id-1632628159498\" data-module-col=\"12\"><div class=\"module-inside text-inside\" style=\"--top-mod: 0px;--bottom-mod: 45px;--top-mod-t: 0px;--bottom-mod-t: 45px;--top-mod-m:20px;--bottom-mod-m:20px;\" ><div class=\"text_block_out\"  data-effect=\"standard\" style=\"\"><div class=\"text_block ux-mod-nobg\"><div class=\"text_block_inn\"><div id=\"text-1632628159498\" class=\"text_block_centered text_block_centered_enable_width\"  style=\"\"><h1 class=\"text-clip-style\" style=\"font-size: 4.6vw;\">Empoderamiento del arte mexicano.<\/h1><\/div><\/div><\/div><\/div><\/div><\/div><div id=\"\" class=\"module col-12 module-id-1632628180572\" data-module-col=\"12\"><div class=\"module-inside text-inside\" style=\"--top-mod: 0px;--bottom-mod: 40px;--top-mod-t: 0px;--bottom-mod-t: 40px;--top-mod-m:0px;--bottom-mod-m:20px;\" ><div class=\"text_block_out\"  data-effect=\"standard\" style=\"\"><div class=\"text_block ux-mod-nobg\"><div class=\"text_block_inn\"><div id=\"text-1632628180572\" class=\"text_block_centered text_block_centered_enable_width\"  style=\"\"><p><span style=\"font-size: 30px;\">Artista polifac\u00e9tica, si quieres saber m\u00e1s sobre Diana Ham, puedes contactar con ella a trav\u00e9s de <\/span><a class=\"\" href=\"mailto:atelierdianaham@gmail.com\" target=\"\"><span style=\"font-size: 30px;\"><strong>atelierdianaham@gmail.com<\/strong><\/span><\/a><\/p><\/div><\/div><\/div><\/div><\/div><\/div><div id=\"\" class=\"module col-2 module-id-1632628180980\" data-module-col=\"2\"><div class=\"module-inside single-image-inside\" style=\"--top-mod: 0px;--bottom-mod: 20px;--top-mod-t: 0px;--bottom-mod-t: 20px;--top-mod-m:0px;--bottom-mod-m:10px;\" ><div class=\"single-image-out single-image-svg\" ><div class=\"single-image align-left align-left-m  \"><embed class=\"single-image-embed\" datasrc=\"https:\/\/es.atelierdianaham.com\/wp-content\/uploads\/2022\/11\/line-svg-1.svg\"  type=\"image\/svg+xml\"><\/embed><\/div><\/div><\/div><\/div><\/div><\/div><div id=\"\" class=\"module col-12 module-id-1632628183593 bm-wrap row-top row-left bm-wrap-height-auto\" data-module-col=\"12\" data-change-color=\"off\" data-backcolor=\"transparent\" data-frontcolor=\"\" data-logocolor=\"\" data-goto-top=\"off\" data-goto-top-spacing=\"0\" data-goto-disable-m=\"\" data-groupsameheight=\"off\"><div class=\"module-inside group-inside\" style=\"--top-mod: 0px;--bottom-mod: 60px;--top-mod-t: 0px;--bottom-mod-t: 60px;--top-mod-m:0px;--bottom-mod-m:40px;\" ><div id=\"\" class=\"module col-11 module-id-163262818463\" data-module-col=\"11\"><div class=\"module-inside button-inside\" style=\"--top-mod: 0px;--bottom-mod: 0px;--top-mod-t: 0px;--bottom-mod-t: 0px;--top-mod-m:0px;--bottom-mod-m:0px;\" ><div class=\"btn-mod-wrap btn-163262818463 btn-left btn-left-m ux-vertical ux-btn-wrap-regular\" style=\"\"><a class=\"ux-btn ux-btn-a-0 ux-cb-btn-163262818463_0 fadeInM \" style=\"font-family: Poppins; font-weight: 600; --fontsizeBtn: 18px;--fontsizeBtnT: 16px;--fontsizeBtnM: 18px;--lineHeightBtn: 1.3;--letterSpacingBtn: normal;\" href=\"https:\/\/www.facebook.com\/Diana-Ham-220429165086135\" target=\"_self\" rel=\" \" ><span class=\"ux-btn-text-wrap\"><span class=\"ux-btn-text\">Facebook<\/span><\/span><\/a><a class=\"ux-btn ux-btn-a-1 ux-cb-btn-163262818463_1 fadeInM \" style=\"font-family: Poppins; font-weight: 600; --fontsizeBtn: 18px;--fontsizeBtnT: 16px;--fontsizeBtnM: 18px;--lineHeightBtn: 1.3;--letterSpacingBtn: normal;\" href=\"https:\/\/twitter.com\/AtelierHam\" target=\"_self\" rel=\" \" ><span class=\"ux-btn-text-wrap\"><span class=\"ux-btn-text\">Twitter<\/span><\/span><\/a><a class=\"ux-btn ux-btn-a-2 ux-cb-btn-163262818463_2 fadeInM \" style=\"font-family: Poppins; font-weight: 600; --fontsizeBtn: 18px;--fontsizeBtnT: 16px;--fontsizeBtnM: 18px;--lineHeightBtn: 1.3;--letterSpacingBtn: normal;\" href=\"https:\/\/www.instagram.com\/diana_hamm\/\" target=\"_self\" rel=\" \" ><span class=\"ux-btn-text-wrap\"><span class=\"ux-btn-text\">Instagram<\/span><\/span><\/a><a class=\"ux-btn ux-btn-a-3 ux-cb-btn-163262818463_3 fadeInM \" style=\"font-family: Poppins; font-weight: 600; --fontsizeBtn: 18px;--fontsizeBtnT: 16px;--fontsizeBtnM: 18px;--lineHeightBtn: 1.3;--letterSpacingBtn: normal;\" href=\"#\" target=\"_self\" rel=\" \" ><span class=\"ux-btn-text-wrap\"><span class=\"ux-btn-text\">Behance<\/span><\/span><\/a><a class=\"ux-btn ux-btn-a-4 ux-cb-btn-163262818463_4 fadeInM \" style=\"font-family: Poppins; font-weight: 600; --fontsizeBtn: 18px;--fontsizeBtnT: 16px;--fontsizeBtnM: 18px;--lineHeightBtn: 1.3;--letterSpacingBtn: normal;\" href=\"http:\/\/www.tiktok.com\/@atelierdianaham\" target=\"_self\" rel=\" \" ><span class=\"ux-btn-text-wrap\"><span class=\"ux-btn-text\">TikTok<\/span><\/span><\/a><\/div><\/div><\/div><\/div><\/div><\/div>","protected":false},"excerpt":{"rendered":"<p>Mictl\u00e1nEmpoderamiento del arte mexicano.Artista polifac\u00e9tica, si quieres saber m\u00e1s sobre &hellip;<\/p>\n","protected":false},"author":1,"featured_media":0,"parent":0,"menu_order":0,"comment_status":"closed","ping_status":"closed","template":"","meta":{"inline_featured_image":false},"_links":{"self":[{"href":"https:\/\/es.atelierdianaham.com\/index.php\/wp-json\/wp\/v2\/pages\/15"}],"collection":[{"href":"https:\/\/es.atelierdianaham.com\/index.php\/wp-json\/wp\/v2\/pages"}],"about":[{"href":"https:\/\/es.atelierdianaham.com\/index.php\/wp-json\/wp\/v2\/types\/page"}],"author":[{"embeddable":true,"href":"https:\/\/es.atelierdianaham.com\/index.php\/wp-json\/wp\/v2\/users\/1"}],"replies":[{"embeddable":true,"href":"https:\/\/es.atelierdianaham.com\/index.php\/wp-json\/wp\/v2\/comments?post=15"}],"version-history":[{"count":1,"href":"https:\/\/es.atelierdianaham.com\/index.php\/wp-json\/wp\/v2\/pages\/15\/revisions"}],"predecessor-version":[{"id":221,"href":"https:\/\/es.atelierdianaham.com\/index.php\/wp-json\/wp\/v2\/pages\/15\/revisions\/221"}],"wp:attachment":[{"href":"https:\/\/es.atelierdianaham.com\/index.php\/wp-json\/wp\/v2\/media?parent=15"}],"curies":[{"name":"wp","href":"https:\/\/api.w.org\/{rel}","templated":true}]}}